, 3
Suppose -11*k = -16*k + 90. List the prime factors of k.
2, 3
Let u = -3 - -5. What are the prime factors of u/(-1)*(-7 + 2)?
2, 5
Let b(r) = r**2 + 4*r + 6. Suppose 5*i - 54 - 26 = 0. Suppose 3*h + i - 1 = 0. List the prime factors of b(h).
11
Suppose 168*r = 171*r - 720. What are the prime factors of r?
2, 3, 5
Let d(z) = -2*z**3 - 27*z**2 + z - 10. Let x(m) = -m**3 - 13*m**2 - 5. Let s(i) = -3*d(i) + 7*x(i). List the prime factors of s(-10).
5
Let f(o) = o - 3. Let q be f(6). What are the prime factors of 109/4 + q/(-12)?
3
Let t be 1/2 - (-26)/4. Let f = t - -18. List the prime factors of f.
5
Suppose 4*x - 6*y = -y - 29, -3*y + 35 = -4*x. Let p(k) = k + 16. List the prime factors of p(x).
5
Let h = 6 - -8. What are the prime factors of (-16)/(-1)*h/28?
2
Let v = -12 + 12. List the prime factors of (-9 - 0)/(-1 + v).
3
Suppose 5*o - 10 = -3*m, 5*m = 3*o + o - 8. Suppose 2*v - 4*v + 36 = m. What are the prime factors of v?
2, 3
Suppose 3*z - 4*o + 2 = 37, -o - 20 = -3*z. Suppose z = -2*q + 1. What are the prime factors of (1 - (0 + q))*4?
2, 3
Suppose 0 = 5*y - y - 4. Let p be (2/(-4))/(y/(-8)). Suppose 4*u = 4 + p. List the prime factors of u.
2
Let l(q) = q - 4. Let w be l(6). Let x(m) = -w*m**2 + 3*m**2 + 0*m**2 + 4. List the prime factors of x(0).
2
Let b = 41 + -11. List the prime factors of b.
2, 3, 5
Suppose t - 4*o - 11 = 0, t - 2*t = 3*o - 25. What are the prime factors of (t - 3) + -1 - -1?
2
List the prime factors of 102/(-1 - (-3)/1).
3, 17
Let h = -9 + 13. Suppose 0*l + h*l - 96 = 0. Suppose -2*p - p + l = 0. List the prime factors of p.
2
Suppose 0 = 2*x - 4*a + 2*a - 58, -49 = -2*x - a. What are the prime factors of x?
2, 13
Let l(r) = -r**2 - 9*r - 6. Let k be l(-9). Suppose -39 + 3 = 2*g. Let q = k - g. List the prime factors of q.
2, 3
Let j(f) = -f - 2. Let h be j(-7). Let w be (-6)/h*(-5)/2. Let m = w - -2. What are the prime factors of m?
5
Let n be (4/6)/(4/30). Suppose -4*v - 4*l + 55 = -73, n*v + l - 152 = 0. Suppose 5*t - v = -q - 3*q, 3*t + 4*q - 26 = 0. List the prime factors of t.
2
What are the prime factors of (-52 + 2)*27/(-18)?
3, 5
Suppose -5*u + v = -0*v - 20, -4*u = v - 25. Suppose b = -2*s + 14, 0 = -3*b - u*s + 26 + 17. Suppose 4 - b = -3*t. List the prime factors of t.
2
Suppose -2*d - 5*d + 7 = 0. Suppose -8 - 2 = -2*x. Suppose -m + d = -x. What are the prime factors of m?
2, 3
Suppose -206 = -5*w - 0*s - 2*s, -s - 212 = -5*w. Suppose -v + 12 = o + 2, 0 = -5*v - 3*o + w. What are the prime factors of (-22)/(-4) - 3/v?
5
Suppose -5*g + 0*g - 15 = 0. Let n = 0 - g. Suppose -3*h - 2*p = -4*p - 14, -p = n*h - 11. List the prime factors of h.
2
Suppose -a = 5*w + 25, 0 = 2*a + 3*w + 7 + 22. Let y = a + 16. List the prime factors of y.
2, 3
Suppose 4 = -f + 2*f. Suppose -4*z = b - f, -3*b = 3*z - z - 12. Suppose 4*x - 2*n - 22 = -8, z = -x + 4*n + 7. List the prime factors of x.
3
Let g(o) be the first derivative of 8*o**3/3 + o**2 - o + 5. What are the prime factors of g(1)?
3
Let h be 1644/28 - 4/(-14). Let c = 17 - h. What are the prime factors of ((-6)/9)/(4/c)?
7
Suppose 0 = -f + 2, 4*r - 40 = -f - f. What are the prime factors of r?
3
Let k = 10 + -7. Let t be 110/3 + (-2)/k. Suppose 3*a + 0*a - t = 0. List the prime factors of a.
2, 3
Suppose 3*c = 12, -2*v + 46 = -v + 3*c. List the prime factors of v.
2, 17
Let g(n) = n**2 + n. Let x be g(-2). Let z(d) = -5*d**2 + 2. Let k be z(x). Let s = -8 - k. What are the prime factors of s?
2, 5
Let i(p) = p. Let b be i(-4). What are the prime factors of (0 + b - -49) + -3?
2, 3, 7
Let t(q) = q**2 + 2*q + 2. Let c be t(-5). Let y = c + -31. Let n = y + 23. What are the prime factors of n?
3
Suppose 0 = 5*t - 0*t - 15. Let g be (-2)/(-4) + 38/4. Suppose -8 - g = -t*y. List the prime factors of y.
2, 3
Let p(a) = 5*a + 11. What are the prime factors of p(6)?
41
Let k be 4 + -3 - (-35 - 0). Suppose 3*h + 3 = u + 4*h, -2*h - k = -5*u. Let v = 9 - u. List the prime factors of v.
3
Suppose 0 = 2*y - 4*o, -y = y + 5*o. Suppose 2*i + y = -4. List the prime factors of 0 + (-2)/(i/7).
7
Let a be (-15 - -9)*(-1)/2. What are the prime factors of 2/a*(47 + 1)?
2
Suppose 6*k = k + 5*a + 590, 2*a - 379 = -3*k. What are the prime factors of k?
3, 41
Let q(i) = -i - 3. Let a be (2 - 0)/(-1) - -6. Suppose 2*c + 22 = -2*d, a*d + 19 = 3*d - 3*c. List the prime factors of q(d).
2
Suppose -44 - 92 = -2*p. What are the prime factors of p?
2, 17
List the prime factors of (1 + -3 + 4 - -109) + 2.
113
Let a = 20 - 8. Let s = -7 + a. Suppose s*g - 84 + 24 = 0. What are the prime factors of g?
2, 3
Let f(s) = s + 16. Let w(p) = -p**2 - p + 2. Let r be w(-2). Let m be f(r). Suppose a - 2*v - m = 0, -v = -4*a - 5*v + 40. List the prime factors of a.
2, 3
List the prime factors of (-14)/20*-16*5.
2, 7
Suppose -261*u + 266*u = 710. What are the prime factors of u?
2, 71
Let a(b) be the third derivative of b**4/8 - 2*b**3/3 - 2*b**2. List the prime factors of a(5).
11
Let n = 12 - -10. List the prime factors of n.
2, 11
Let k = 5 - 0. Let f(a) = -a**3 - a**2 - 2. Let x be f(-2). Suppose 0*m = m - k*b + 4, -3*m + 27 = -x*b. What are the prime factors of m?
11
Suppose 3*o - 959 = -5*j, j - 4*o = -8*o + 202. What are the prime factors of j?
2, 5, 19
Suppose 0 = -3*f + 14 - 5. Suppose -f*n = -n - 16. List the prime factors of n.
2
Suppose 3*p + 31 = 7. Let n = p + 21. Let y = n - 6. List the prime factors of y.
7
Let k = 9 - 8. Suppose -j - 2*j = -6. List the prime factors of (-2 + j)/k - -7.
7
Suppose -3*y - 102 = 15. Let p = 56 + y. List the prime factors of p.
17
Suppose -2*a + 31 = 2*h + h, 25 = 3*h - a. List the prime factors of h.
3
Suppose 4*u + 246 = 2*t, -3*t - 4*u - 25 + 344 = 0. What are the prime factors of t?
113
Let g be 36/54*2*3. Let s(k) = k**2 - 6*k - 5. Let h be s(-5). Suppose t - h = -g*t. List the prime factors of t.
2, 5
Let h be -1*(2 + -1) + 9. Suppose -h = 5*c + 17, 0 = -q - c - 2. What are the prime factors of q?
3
Let c(d) = 144*d**3 - 3*d**2 + 2. List the prime factors of c(1).
11, 13
Let a(l) = l**2 + 3*l. Let p be a(-4). Suppose -2*f - 3*f = 5. Let g = p - f. What are the prime factors of g?
5
Let o = 20 + -17. Let f(c) be the third derivative of c**6/120 - c**5/20 + c**4/24 + c**3/3 + c**2. What are the prime factors of f(o)?
5
Let t be (-161)/(-35) + (-2)/(-5). List the prime factors of 217/t - 16/40.
43
Suppose -5*k + 29 = 2*z, 5*k + 5*z = 4*z + 27. Let l be (-1 + 0)*(-3 + 1). Suppose -l*n = -d + 15, 0 = -0*d - k*d + 3*n + 68. List the prime factors of d.
13
Suppose 3*f + 2*h - 46 = 0, 0 = -0*f + 2*f + 5*h - 38. Let b = 65 - f. What are the prime factors of b?
3, 17
Suppose -d - 5*d + 90 = 0. List the prime factors of d.
3, 5
Suppose -7 = 3*r - 4*k - 0, 0 = -4*r + 4*k - 4. List the prime factors of r.
3
Let d(u) = -u + 6. Let k be (-9 + 2)*24/14. What are the prime factors of d(k)?
2, 3
Suppose 2*b - 6*b = -8. Let h(m) = 3*m**3 + 2*m**2 + 2. Let c(a) = -a**3 - a**2 - a - 1. Let z(x) = 2*c(x) + h(x). List the prime factors of z(b).
2
Let f = 1 - -81. List the prime factors of f.
2, 41
Let v = -96 + 181. Suppose 4*j + v = 9*j. What are the prime factors of j?
17
Let r be (-2)/6*(2 + -11). Suppose r*f + 15 = 2*p, -5*p + 2*f - 6*f + 72 = 0. What are the prime factors of p?
2, 3
Suppose 25 = 5*i, -u - 5*i = -0*u - 161. What are the prime factors of u?
2, 17
Let b(s) = -s**3 - 15*s**2 + 6*s - 50. What are the prime factors of b(-16)?
2, 5, 11
Suppose d - 89 = -2*f - 4*d, -3*f + 102 = -3*d. What are the prime factors of f?
37
Suppose -3*h + 7*h = 0. Suppose -4*i - 3 = -0*i + l, -4*i = 4*l + 12. Suppose h*z + 3*z + 2*b = -2, i = -4*z - b + 4. List the prime factors of z.
2
Let t be (-50)/4*(-4)/5. Let s = 8 + -13. Let k = t + s. List the prime factors of k.
5
Suppose 0 = 13*x - 17*x + 384. What are the prime factors of x?
2, 3
Suppose -2*q = 3*q + 105. Let y = -14 - q. Suppose -3*v + y = -38. What are the prime factors of v?
3, 5
Suppose -3*t + 30 = -t. Let v = t + 18. List the prime factors of v.
3, 11
Let g(d) = d**2 + 5. Let n be g(0). Suppose 0 = -5*c + n, -3*c + 0*c = -a. What are the prime factors of a?
3
Let x(o) = -1 - 3*o - 3 - 5*o + 3. What are the prime factors of x(-4)?
31
Suppose -14*j = -9*j - 260. List the prime factors of j.
2, 13
Let m(a) = -a - 3